?
False
Does 58 divide 6053104?
False
Is 230 a factor of 184108?
False
Does 39 divide 940446?
True
Is 681590 a multiple of 182?
True
Is 2 a factor of 175649?
False
Is 462180 a multiple of 138?
False
Is 14962 a multiple of 2?
True
Is 429 a factor of 6293001?
True
Does 92 divide 2398155?
False
Is 672568 a multiple of 4?
True
Does 5 divide 22955?
True
Is 103 a factor of 2570674?
True
Does 6 divide 11541612?
True
Is 1056 a factor of 2699357?
False
Is 301987 a multiple of 46?
False
Is 119 a factor of 345058?
False
Is 15221937 a multiple of 89?
True
Is 638814 a multiple of 1030?
False
Is 121510 a multiple of 58?
True
Is 533 a factor of 1545700?
True
Does 13 divide 278559?
False
Is 112317 a multiple of 11?
False
Is 315590 a multiple of 755?
True
Is 246687 a multiple of 51?
True
Is 531 a factor of 12928788?
True
Is 54 a factor of 192449?
False
Does 14 divide 56952?
True
Is 382 a factor of 39346?
True
Is 1261800 a multiple of 47?
False
Is 1206626 a multiple of 46?
True
Does 14 divide 99455?
False
Is 1957 a factor of 10450380?
True
Does 53 divide 63026?
False
Is 883818 a multiple of 78?
True
Does 12 divide 410748?
True
Is 17 a factor of 341360?
True
Does 15 divide 25035?
True
Is 628343 a multiple of 21?
False
Is 6031644 a multiple of 68?
False
Is 136 a factor of 26073?
False
Does 3 divide 1711990?
False
Is 1216 a factor of 4800768?
True
Does 677 divide 446033?
False
Does 2021 divide 4098588?
True
Does 178 divide 1482918?
True
Is 102 a factor of 55080?
True
Does 335 divide 37769?
False
Is 12 a factor of 7427402?
False
Is 67192 a multiple of 106?
False
Is 288904 a multiple of 98?
True
Does 3 divide 204627?
True
Does 614 divide 769956?
True
Does 18 divide 43342?
False
Is 414189 a multiple of 12?
False
Is 669 a factor of 4105653?
True
Is 19 a factor of 1502254?
True
Does 20 divide 190120?
True
Is 29 a factor of 144130?
True
Does 7 divide 391741?
True
Is 142226 a multiple of 7?
True
Is 838 a factor of 4841964?
True
Is 896 a factor of 14895104?
True
Does 33 divide 85908?
False
Is 95 a factor of 71725?
True
Does 109 divide 248193?
True
Is 47 a factor of 27166?
True
Is 82 a factor of 965976?
False
Is 208 a factor of 600704?
True
Is 15 a factor of 13806?
False
Is 201 a factor of 236476?
False
Does 298 divide 1255789?
False
Is 34 a factor of 372674?
True
Is 155491 a multiple of 97?
True
Does 12 divide 291520?
False
Does 182 divide 197031?
False
Does 92 divide 4638879?
False
Is 489 a factor of 5914455?
True
Is 40 a factor of 834360?
True
Does 18 divide 5646132?
True
Is 63350 a multiple of 25?
True
Is 42 a factor of 11770?
False
Does 65 divide 162630?
True
Is 55 a factor of 37895?
True
Is 13 a factor of 1641926?
True
Is 4494110 a multiple of 498?
False
Is 384 a factor of 104530?
False
Is 291916 a multiple of 19?
True
Does 8 divide 176688?
True
Is 1832736 a multiple of 16?
True
Does 258 divide 4292604?
True
Is 106680 a multiple of 105?
True
Is 173 a factor of 77814?
False
Is 9 a factor of 28026?
True
Is 897840 a multiple of 522?
True
Does 28 divide 1652262?
False
Is 1765952 a multiple of 64?
True
Does 5 divide 11256?
False
Does 150 divide 177600?
True
Is 2407121 a multiple of 61?
True
Is 362550 a multiple of 50?
True
Does 2 divide 151106?
True
Is 3184534 a multiple of 5?
False
Is 129017 a multiple of 49?
True
Is 283 a factor of 5708676?
True
Is 11 a factor of 7741006?
False
Is 51 a factor of 411468?
True
Is 216912 a multiple of 30?
False
Is 223 a factor of 3551275?
True
Is 98 a factor of 1873858?
True
Is 2970004 a multiple of 19?
True
Does 17 divide 1274422?
True
Is 1177660 a multiple of 110?
True
Is 38 a factor of 285874?
True
Is 22 a factor of 503963?
False
Is 16472612 a multiple of 43?
True
Is 25 a factor of 182945?
False
Does 4 divide 372302?
False
Is 247824 a multiple of 400?
False
Does 670 divide 683582?
False
Is 2435325 a multiple of 475?
True
Is 3510576 a multiple of 16?
True
Is 46531 a multiple of 31?
True
Is 19747 a multiple of 123?
False
Does 159 divide 101919?
True
Does 10 divide 58264?
False
Is 1895985 a multiple of 13?
True
Does 607 divide 2672014?
True
Does 190 divide 1542814?
False
Is 485618 a multiple of 14?
True
Does 154 divide 246708?
True
Does 13 divide 2432027?
True
Is 3 a factor of 2629?
False
Is 27 a factor of 9100813?
False
Does 96 divide 226656?
True
Does 166 divide 345114?
True
Does 20 divide 9787400?
True
Is 8748 a multiple of 486?
True
Is 1596872 a multiple of 96?
False
Does 81 divide 305529?
False
Does 42 divide 234009?
False
Is 105091 a multiple of 4?
False
Is 2893719 a multiple of 57?
True
Is 488 a factor of 282064?
True
Does 494 divide 6365190?
True
Is 86 a factor of 382148?
False
Is 30 a factor of 1520194?
False
Does 30 divide 347790?
True
Does 13 divide 122987?
False
Is 63588 a multiple of 28?
True
Is 71 a factor of 1578756?
True
Is 259 a factor of 282460?
False
Is 6 a factor of 45636?
True
Does 429 divide 2259114?
True
Is 9518385 a multiple of 85?
True
Is 97413 a multiple of 183?
False
Does 208 divide 654851?
False
Is 244 a factor of 4330024?
True
Does 11 divide 1916484?
False
Is 2303910 a multiple of 414?
True
Is 1063524 a multiple of 14?
True
Is 160 a factor of 158467?
False
Is 3 a factor of 321414?
True
Does 67 divide 670603?
True
Is 64496 a multiple of 4?
True
Is 35 a factor of 177716?
False
Is 9345732 a multiple of 1402?
True
Is 398 a factor of 4783960?
True
Is 218951 a multiple of 205?
False
Does 3 divide 75906?
True
Does 100 divide 6900?
True
Is 52500 a multiple of 35?
True
Is 58251 a multiple of 43?
False
Is 2039604 a multiple of 3?
True
Does 49 divide 1522146?
False
Is 62 a factor of 43909?
False
Is 71923 a multiple of 3?
False
Is 327 a factor of 329593?
False
Is 52892 a multiple of 28?
True
Is 114 a factor of 177498?
True
Is 44 a factor of 47567?
False
Is 1531710 a multiple of 6?
True
Does 15 divide 655095?
True
Does 15 divide 5509005?
True
Is 893 a factor of 2420030?
True
Is 8226239 a multiple of 860?
False
Is 23 a factor of 8497?
False
Does 3 divide 3750?
True
Is 3372194 a multiple of 20?
False
Is 85081 a multiple of 15?
False
Is 36 a factor of 378457?
False
Is 68276 a multiple of 80?
False
Is 34341 a multiple of 74?
False
Is 134 a factor of 1535403?
False
Does 31 divide 4293810?
True
Does 4 divide 274756?
True
Is 156595 a multiple of 96?
False
Is 8 a factor of 18088?
True
Is 58 a factor of 1553762?
True
Does 47 divide 125678?
True
Is 415766 a multiple of 120?
False
Does 6 divide 149344?
False
Is 2304978 a multiple of 13?
True
Does 294 divide 29106?
True
Is 50 a factor of 1511420?
False
Does 59 divide 236059?
True
Is 23 a factor of 178526?
True
Does 8 divide 11532?
False
Is 3760436 a multiple of 10?
False
Is 5614290 a multiple of 330?
True
Does 19 divide 1018377?
False
Is 2853436 a multiple of 54?
False
Is 11 a factor of 119746?
True
Does 869 divide 5579795?
False
Is 133 a factor of 321467?
False
Is 3 a factor of 64102?
False
Does 20 divide 24114258?
False
Does 109 divide 630456?
True
Is 11955210 a multiple of 1545?
True
Does 45 divide 90675?
True
Is 13 a factor of 28194?
False
Is 59 a factor of 61782?
False
Is 366352 a multiple of 28?
True
Is 217 a factor of 909881?
True
Is 702 a factor of 2111616?
True
Is 74236 a multiple of 445?
False
Is 4067868 a multiple of 25?
False
Does 72 divide 1010880?
True
Does 5 divide 127055?
True
Is 3341583 a multiple of 609?
True
Is 764928 a multiple of 48?
True
Is 119362 a multiple of 26?
False
Is 17080 a multiple of 153?
False
Is 17 a factor of 102881?
False
Is 55723 a multiple of 103?
True
Does 21 divide 2269806?
True
Does 9 divide 5683950?
True
Does 9 divide 308538?
True
Is 237 a factor of 837084?
True
Is 156 a factor of 91416?
True
Is 135780 a multiple of 620?
True
Is 159 a factor of 393845?
False
Is 16 a factor of 48064?
True
Is 382601 a multiple of 421?
False
Is 2334994 a multiple of 30?
False
Is 54003 a multiple of 47?
True
Is 57 a factor of 22822453?
False
Is 1084748 a multiple of 133?
True
Does 87 divide 3915?
True
Does 94 divide 1307946?
False
Does 14 divide 3751692?
True
Does 31 divide 2509580?
False
Is 137 a factor of 761720?
True
Is 4380910 a multiple of 72?
False
Is 144180 a multiple of 180?
True
Is 42 a factor of 229730?
False
Is 20 a factor of 9376600?
True
Is 2 a factor of 100558?
True
Is 1918 a factor of 6793556?
True
Is 26348 a multiple of 28?
True
Is 322 a factor